3*w = s - 139. List the prime factors of s.
2, 5, 13
Let z = 1490 - 1042. List the prime factors of z.
2, 7
Suppose 2*n + 8 = 0, 2*c - 884 = 25*n - 20*n. What are the prime factors of c?
2, 3
Let a = 16 + -18. Let k = a + 9. List the prime factors of k.
7
Let c be -3*(0 + (-4)/(-6)). Let v be (-8 + c)*4/(-10). Suppose v*p - 29 + 1 = 0. What are the prime factors of p?
7
Suppose -f = -17*f + 8640. List the prime factors of f.
2, 3, 5
Suppose 3 = 3*k - 0. What are the prime factors of -3 - ((-18 - k) + 3)?
13
Suppose 2*b - 2*p = -3*p + 525, -5*p - 1029 = -4*b. Suppose -37*s + 34*s + b = 0. List the prime factors of s.
3, 29
Suppose 251 = -10*x + 2451. What are the prime factors of x?
2, 5, 11
Let x(h) = h**3 - 6*h**2 + 3. Let k be x(6). Suppose 245 - 65 = k*p. What are the prime factors of p?
2, 3, 5
Let v(u) = -9*u**3 - 4*u**2 - u. Let z(i) = -10*i**3 - 5*i**2 - i. Let q(n) = -6*v(n) + 5*z(n). Let w be q(1). What are the prime factors of 2 - (w + -65 + 2)?
61
Suppose -2*l - 5*w + 30 = -5, l - 4*w - 11 = 0. Suppose 2*c + 7 = -1, 5*v = -5*c - 20. Suppose 4*n = -t + 2, -2*t = -v*t - 3*n - l. List the prime factors of t.
2, 3
Let z(v) = 8 + 9 - 7 + 3*v**2 + 7. What are the prime factors of z(-4)?
5, 13
Suppose 4*q - 68 = -0*q - 3*t, 4*q = 3*t + 92. Let c = q + -24. List the prime factors of (c + 2)/(2/(-45)).
3, 5
Suppose 5*t - 10 = -0*t. Let p(c) = 5 + 8*c**t - 5. What are the prime factors of p(2)?
2
Let h(n) = 46*n - 604. List the prime factors of h(34).
2, 3, 5
Let x be (-6)/(27/(-6) - -3). Suppose x*c = 15 + 9. Suppose 0 = -c*u + 248 + 22. List the prime factors of u.
3, 5
Let m(w) = -4*w**3 - 13*w**2 - 30*w - 248. List the prime factors of m(-10).
2, 43
Suppose -3*o = -53*o + 196850. What are the prime factors of o?
31, 127
Suppose -18*j = -16*j + 2*r - 620, 2*j - 3*r = 635. List the prime factors of j.
313
What are the prime factors of ((-1273)/(-6))/(41/492)?
2, 19, 67
Let q = 36 + -27. Suppose 1 = -w, q*w + 57 = j + 4*w. List the prime factors of j.
2, 13
Suppose a + 4*t = 3, 0 = 4*a + a + 3*t - 15. Suppose 1405 = 5*f - a*m - 0*m, 2*f - 3*m = 562. What are the prime factors of f?
281
Let c = 6299 + -3523. What are the prime factors of c?
2, 347
Let p = 765 - 210. List the prime factors of p.
3, 5, 37
Let n(g) = -3*g**3 + 41*g**2 + 61*g. Let w(b) = -2*b**3 + 20*b**2 + 30*b. Let s(y) = 3*n(y) - 5*w(y). List the prime factors of s(-21).
3, 7
Let c = 23 + -14. Suppose 586 = c*g - 1295. List the prime factors of g.
11, 19
Let i be ((-105)/(-9))/(-7)*24*-1. Suppose -3*b = -z + 11, -3*z - 3*b = -5*b - i. What are the prime factors of z?
2, 7
Let b(s) = -4*s - 3. Let c be b(-2). Let m(z) = -z**2 + z - 8. Let x(n) = n + 1. Let q(t) = m(t) + 6*x(t). What are the prime factors of q(c)?
2
Let r(x) = -227*x**3 - 2*x**2 + 1. Let j be r(1). Let h = 386 + j. What are the prime factors of h?
2, 79
What are the prime factors of (-88)/110 + (-4 - (-21759)/5)?
3, 7, 23
Let w be (-2 - -5)/((-6)/4). Let z be 1 - 0 - (5 + w). What are the prime factors of (4 - -6)*(4 + z)?
2, 5
Let o(r) = 256*r + 1038. List the prime factors of o(15).
2, 3, 271
Let i(m) = -46*m**2 + 2*m - 2. Let d(s) = 15*s**2 - s + 1. Let c(f) = -11*d(f) - 4*i(f). List the prime factors of c(1).
19
Let n = 18 - 1. Suppose 4*r + 2*x - 5*x - n = 0, 5*r - 5*x = 20. Suppose -r*a - j + 67 = -0*j, 5*a + 5*j = 55. List the prime factors of a.
2, 7
Suppose 67*t = 65*t + 344. List the prime factors of t.
2, 43
Let t(b) = -b**3 - 6*b**2 + 9*b + 1. Let o be t(-8). Let r = 92 - o. List the prime factors of r.
5, 7
Let j = 1473 - 741. What are the prime factors of j?
2, 3, 61
Suppose -5*f - 4*y = -6032, -5*f = -13*y + 16*y - 6034. List the prime factors of f.
2, 151
Let v(u) = u**2 - u + 85. Let x be v(0). List the prime factors of (x - 10)/(-2 - -3).
3, 5
Suppose 5*h + 13*s = 8*s + 510, 5*s = h - 90. List the prime factors of h.
2, 5
Let p = -5326 - -8218. What are the prime factors of p?
2, 3, 241
Suppose 0 = -7*b + 313 + 5406. List the prime factors of b.
19, 43
Let d(b) be the second derivative of b**5/20 + 13*b**4/12 - 17*b**3/6 + 25*b**2/2 + 46*b. What are the prime factors of d(-13)?
2, 3, 41
Let o be -4 + (0 - (2 + 1)). Let w = 7 + o. Suppose w*d - 104 = -4*i - 4*d, -1 = d. What are the prime factors of i?
3
Let k = -226 - -343. What are the prime factors of k?
3, 13
Let y(z) = -z**3 + 2*z**2 - 2*z + 2. Let d be y(2). Let v be 7796/20 + d/(-10). Suppose v = 4*p + 146. What are the prime factors of p?
61
Let d(z) = -3*z**3 - z**2 - 29*z - 3. What are the prime factors of d(-6)?
3, 29
Suppose 3*c - t - 45 = -6*t, 4*c + t = 43. Let r be (170/50)/(2/c). Let a = r - 2. What are the prime factors of a?
3, 5
Suppose 0 = -z + 2*z - 31. Suppose c - 28 = -3*o + o, 4*c = 3*o - z. Let k = 5 + o. List the prime factors of k.
2, 3
Suppose -p + 4*r = 3*p - 24, 5*r + 24 = 2*p. Suppose 135 = -q + 10*q. List the prime factors of ((-25)/q)/(p/(-30)).
5
Let h(q) = -21*q - 2. Let o be h(-2). Let n = 40 + -72. List the prime factors of 190/(-4)*n/o.
2, 19
Suppose 0 = -2*q + 5*n - 95, -3*n = 3*q + 126 + 69. What are the prime factors of (510/(-25))/(129/q + 2)?
2, 17
Let r be 8/(-20) + 0 + (-2852)/(-5). Suppose q - 7*q = -r. List the prime factors of q.
5, 19
Suppose p = -6*c + 4*c + 3237, 5*c + 12883 = 4*p. What are the prime factors of p?
7, 461
Suppose -6*g + 17*g - 4*g = 0. List the prime factors of (g + (2 + -7 - -3))*-4.
2
Suppose 0 = -5*a + 2*a + 1674. List the prime factors of (-4)/(-14) + a/7.
2, 5
Let m be -1 + 8 + -4 + 0. Suppose 38 = -m*h + 2*h. Let d = h - -79. List the prime factors of d.
41
Let i be (-2)/4*(-227 - 3)*1. Suppose i = 8*q + 11. What are the prime factors of q?
13
Let w(t) = 10*t**2 + t - 2 + 0 - 6 + 2 - t**3. Let m be w(10). List the prime factors of 150/m - 3/(-2).
3, 13
Suppose -g - 37 = 103. Let a be (-12)/(-18) - g/6. Let o = a + -14. List the prime factors of o.
2, 5
Let f = -293 + 379. List the prime factors of f.
2, 43
Let l(v) = -v**3 - 19*v**2 - 21*v - 23. Let s = 25 + -43. List the prime factors of l(s).
31
Let c = -3 + 8. Let q be (-6)/(-15) - 52/c. List the prime factors of 736/10 + 6/q.
73
Suppose 0 = -2*y + 88 - 68. What are the prime factors of y?
2, 5
Suppose 4*l + 4708 = z, -10*l + 9*l + 3 = 0. What are the prime factors of z?
2, 5, 59
Let n be 70/21 + 4/6 + -1. List the prime factors of n + (89 - 4) + -4.
2, 3, 7
Suppose 2*n = n - 3*o - 8, -5*n = 4*o - 4. Suppose -n*d + 5*d - 59 = -4*s, -s = d - 62. List the prime factors of d.
3, 7
Let y be 3 - (-3 - -3*2). Suppose 2*t + 0*o - 66 = -5*o, y = -2*t - o + 74. What are the prime factors of t?
2, 19
Let k(s) = 2611*s**2 + 6*s - 1. List the prime factors of k(-1).
2, 3, 7, 31
Let i be 18/5 - 2/(-5). Suppose 0 = i*g - 5*z + 26, -22 = 2*g + 2*z - 0*z. What are the prime factors of (-66)/g*6 - 3?
41
Let s be 4/3 + (3124/(-12) - 5). What are the prime factors of ((-4)/22 + (-4932)/s)*12?
2, 3, 37
Suppose -82 = -i - 17. Let l = i - 23. What are the prime factors of l?
2, 3, 7
Suppose 5*j - 19 = -2*n + 34, 0 = -5*n - 3*j + 142. Suppose -g - 5*r + n = 0, 60 = -4*g + 3*r + 222. What are the prime factors of g?
3, 13
Suppose 2*a + 25 = 1467. What are the prime factors of a?
7, 103
Let b(j) = 20*j**3 - j**2 - j + 1. Let d = -17 - -18. List the prime factors of b(d).
19
Suppose -y = y - 10. Let b(c) = c**2 - 2*c + 13. List the prime factors of b(y).
2, 7
Let d be (78/9)/((-2)/(-27)). Suppose d = -8*i + 773. List the prime factors of i.
2, 41
Let j(f) = 3*f**2 + 5*f + 4. Let r be j(-9). What are the prime factors of r*(10/(-5))/(-4)?
101
Let j = 432 + -187. Suppose -4*p = p - j. List the prime factors of p.
7
Suppose 0 = -5*y + 3*g + 21, 4 = -5*y - g + 17. Suppose -j = 4*i + 4*j - 71, -4*i - y*j = -65. Suppose t - i = -t. List the prime factors of t.
7
Suppose 5*w - 4*q - 7836 = -3045, q + 2876 = 3*w. List the prime factors of w.
7, 137
Let m(g) = -12*g**3 + 12*g**2 - 4*g - 7. List the prime factors of m(-4).
3, 17, 19
Let w(a) = -123*a**3 - 12*a**2 - a + 3. What are the prime factors of w(-3)?
3, 29, 37
List the prime factors of (-6)/72*-9 - (-24212)/16.
2, 757
List the prime factors of 531 - (-3 - -1) - (5 + -9).
3, 179
Let j = 112 + -102. Let v(w) = -2*w**3 - 11*w**2 + 7*w - 18. Let x(r) = -r**3 - r - 1. Let g(z) = -v(z) + 3*x(z). Lis